 - v = -j. What is the units digit of j?
1
Suppose -210 + 1332 = 6*f. What is the tens digit of f?
8
Suppose i + i - 14 = 0. Suppose -s = -c - 13, -4*c + i*c = -s + 33. What is the tens digit of s?
1
Let p = -109 - -160. What is the tens digit of p?
5
Let h(c) = -c**3 + 3*c**2 - 2*c + 2. Suppose -4*d - 5*z + 5 = 12, 3*z + 9 = 0. Let k be h(d). Suppose -6 = -k*j - 0*j. What is the units digit of j?
3
Let f(k) = -k**3 + 9*k**2 + 3*k - 13. What is the tens digit of f(9)?
1
Let j = 43 + 6. What is the units digit of j?
9
Suppose -6 = h - 0*h. What is the tens digit of (1/3)/(h/(-396))?
2
Let y(q) = -2*q**2 - 3*q + 3. Let j be y(-3). Let h = -1 - j. What is the units digit of h?
5
Let v(t) = t + 12. Let x = -22 - -12. Let d be v(x). Suppose d*r - 18 = -0. What is the units digit of r?
9
Let m = -1 - -5. Suppose -2*x + 1 = -g + 8, m*g - 21 = x. What is the units digit of 27/(-6)*(x - 1)?
9
Let a = 36 - -37. Let h = -52 + a. What is the tens digit of h?
2
Let x(g) = g**3 - 2*g**2 + 2*g + 1. Let j = 11 + -8. What is the units digit of x(j)?
6
Suppose -h - 202 = -3*p, 3*h - 227 = -4*p + 64. What is the units digit of p?
9
Let n(o) = o**2 + 4*o - 5. Let d be n(-5). Suppose d = 2*c - 3 - 3. Suppose 9 = -c*v, q - 4*v - 41 = -11. What is the tens digit of q?
1
Suppose -4*b + 5*g = -16, 3*b - 55 = -5*g - 8. What is the units digit of b?
9
Suppose 0 = -j - j - 3*c + 189, 4*j - 328 = 4*c. What is the tens digit of j?
8
Suppose 0 = 6*z - 5*z - 21. Suppose 2*s - 31 = -2*s - x, -2*s + 5*x + z = 0. Suppose 5*w - w = s. What is the units digit of w?
2
Let a = -13 - -10. What is the units digit of (3/(-2))/(a/12)?
6
Let c = 35 + -21. What is the tens digit of c?
1
Let r(q) = q - 1. Let d(s) = s**2 - s - 2. Let t be d(3). Let v be r(t). Suppose 4*i = -5*f + 40, v*i + 4*f - 36 = -i. What is the units digit of i?
5
Let h(f) = f**2 - 6*f - 7. What is the hundreds digit of h(-8)?
1
Suppose -4*k - 41 = 47. Let f = -18 - k. What is the units digit of f?
4
Let t(w) = 8*w**2 - 2*w + 0*w**2 + 2 + w**3 - 4*w**2 - 3*w**2. What is the tens digit of t(2)?
1
Let x(c) = -105*c - 1. Let p be x(1). What is the units digit of 1/(p/(-52) - 2)?
6
Let f(j) = j. Let i be f(2). Suppose 0 = m - i*m - 2. What is the units digit of m/(2*(-2)/8)?
4
Suppose 3*b = 5*b - 90. What is the tens digit of b?
4
Let i be 14*(-4)/(-32)*4. Suppose -k - 3*u = 1, -k + 3*u + i = k. What is the units digit of k?
2
Suppose h + 0*d - 4*d = 15, -h = d. Suppose -7*k + 132 = -h*k. What is the tens digit of k?
3
Suppose -6*d + 107 = -d - 3*r, -4*r = -4. What is the units digit of d?
2
Suppose -12 = -4*f - 4*i, -i - 18 = -5*f - 5*i. Suppose 3*p = -4*u + 165, 0*u - 2*u = 0. Suppose z = f*z - p. What is the tens digit of z?
1
Let d = -70 - -119. What is the units digit of d?
9
Suppose 5*o + 5*f - 2 - 38 = 0, 5*o - 64 = f. Let r = 8 - o. Let s = r + 9. What is the units digit of s?
5
Let t(m) = m**3 + 4*m**2 + m - 3. Let c be t(-3). Let g be c/(9/3) + 6. Let h(n) = n**2 - 6*n + 10. What is the units digit of h(g)?
7
Suppose 5*x = 15, -5*x = 2*l + 111 + 388. What is the units digit of l/(-7) + 4/14?
7
Suppose 6 = v + v. Suppose -79 = -v*r - 5*t, 4*r - 6*t = -3*t + 57. What is the units digit of r?
8
Let g = 6 - 4. Let r(w) = 2*w**3 - 6*w**2 + 5*w + 2. Let j(d) = -d**2 + d. Let p(z) = -4*j(z) + r(z). What is the units digit of p(g)?
2
Suppose 0 = 2*c - 54 - 236. What is the tens digit of c?
4
Let g(f) = -f**2 - 8*f - 2. Let n be g(-7). Suppose -2*x - 4 = -l - 7*x, n*l + 5*x - 60 = 0. What is the units digit of l?
4
Let l(s) = -s**2 + 1. Let h(b) = 8*b**2 + b - 5. Let f(p) = h(p) + 5*l(p). Let u be f(-1). What is the units digit of (0 - -7 - -1)/u?
4
Suppose 5*u = 0, -w + 3*u = -0*u - 2. Suppose -10 = -w*g - 3*g. Suppose 3*o = g*q + 11, 4*q - 15 = -q - o. What is the units digit of q?
2
Suppose -5*z - 3 + 5 = b, -30 = -2*b + 3*z. Let g(v) = -2*v + 5 - 6 + b*v. What is the units digit of g(1)?
9
Let k = 265 + 13. What is the units digit of k?
8
Let n(v) be the second derivative of v**3/6 - 5*v**2/2 + 2*v. Suppose 5 = -2*j + 19. What is the units digit of n(j)?
2
Let r be ((-6)/4)/((-3)/(-4)). What is the units digit of r - (9/(-1))/3?
1
Suppose -2*b - 2*w + 194 = 0, -4*w + 43 = -4*b + 407. What is the tens digit of b?
9
Let s be (-63)/15 - 1/(-5). What is the tens digit of s/(-8) + 86/4?
2
Let c(p) = -269*p + 7. What is the hundreds digit of c(-1)?
2
Let a be -2 + 4*4/16. Let p(h) = -12*h**3 + h**2 + h + 1. What is the tens digit of p(a)?
1
Suppose 2*b + 6 = 2*p, b = -p - 0 - 3. Suppose -2*v - 2*v + 12 = p. Suppose -4*i = -3*x + 40, -33 = -3*x - 0*x - v*i. What is the units digit of x?
2
What is the units digit of 3*(-3)/9 + 285?
4
What is the units digit of 107/3*(17 + -14)?
7
Let o(n) = 0*n - 4 - 4*n - 8*n + 3*n. What is the tens digit of o(-3)?
2
Let c(q) = -q**3 + 8*q**2 - 5*q - 2. Let n be c(6). Suppose -3*p - p = 4*k - n, 5*p - 5 = 0. What is the units digit of k?
9
Let m = 593 + -319. What is the units digit of m?
4
Let b(k) = k**3 + 6*k**2 + 5*k - 5. Let v be b(-5). Let g(z) = z**2 + 2*z - 4. What is the tens digit of g(v)?
1
Let s(c) = c**3 - c - 7. Let g be s(0). Let x = 10 + g. What is the units digit of x?
3
Suppose 2*q + 0*s = 2*s + 22, s = -2*q + 31. What is the units digit of q?
4
Suppose 0*s - 444 = -4*s + 4*y, s = -4*y + 111. What is the units digit of s?
1
Let y be (-10)/(-15)*(-3)/(-2). What is the tens digit of 16/24*27/y?
1
Suppose 3*i + 0*i - 318 = 0. What is the units digit of i?
6
Let w = 72 + -38. What is the tens digit of w?
3
Suppose 16 = 7*r - 3*r. Suppose 5*s + z = -16, -5*s = -2*z + r + 9. Let f = 8 - s. What is the units digit of f?
1
Let m(r) = r**2 + 8*r + 7. Let p be m(-8). Suppose p = 5*g - 38. What is the units digit of g?
9
Suppose -2*x - 2*x = -16. Suppose 5*n - 33 = 2*q - 12, -17 = -5*n + x*q. What is the units digit of n?
5
Let r(o) = 20*o - 2. What is the tens digit of r(2)?
3
Let a be (3 - (-24)/(-9))*30. Let v = 13 - a. Let d = v - -8. What is the units digit of d?
1
Let c = 44 + -18. Suppose 5*z - 34 = c. What is the units digit of z?
2
Suppose o = 3*x, 0 = o - 2*x - 3*x. Suppose o*i - 50 = -5*i. What is the units digit of i?
0
Suppose -s - 3*s = -4. Suppose -3*b + 23 = -s. What is the units digit of b?
8
Let g = 0 - -11. Suppose -5*m + 44 + g = 0. What is the tens digit of m?
1
What is the units digit of (104/(-6))/(1/(-3))?
2
Let p(l) = -l**3 + 7*l**2 + 9*l + 4. Let w be p(9). Let k = w - -115. What is the units digit of k?
8
Let l = 27 + -9. What is the units digit of l?
8
Let l(h) = -h**3 - 18*h**2 + 11*h + 78. What is the hundreds digit of l(-19)?
2
Let i(d) = 9*d - 3. Let l be i(2). What is the units digit of (-3)/(-9)*l/1?
5
Suppose -k - 9 + 4 = 4*r, -3*k + 2*r = -27. Let a = 16 - k. What is the units digit of a?
9
Suppose 144 = 12*i - 9*i. What is the tens digit of i?
4
Let d = 3 + -3. Suppose d*h + 4 = 4*h. What is the units digit of h?
1
Suppose -m + v = -20, -4*v + 8*v - 25 = -3*m. Suppose 0*p - 3*p + m = 0. What is the units digit of p?
5
Suppose 80 = 2*m - 220. What is the tens digit of m?
5
Let k(m) = 3*m - 8. Suppose 0 = -3*f + 2*f + 81. Let n be f/(-18)*(-4)/3. What is the tens digit of k(n)?
1
Suppose -190 = -0*t - 5*t. Let j = t + -21. What is the tens digit of j?
1
Let j = 0 - 5. Let u = -1 + j. What is the units digit of u/(-3) + -4 - -9?
7
Suppose 3*c - 16 = -c. What is the units digit of c?
4
Let w(n) = 3*n**2 + 13*n - 29. What is the hundreds digit of w(-12)?
2
Suppose 6*a - 3*a = -36. Let d(h) = -5*h - 14. What is the tens digit of d(a)?
4
Suppose 0 = 6*f - 3*f + r - 10, -3*f - 6 = -3*r. Suppose 0 = -c - 0*z + z + 14, -f*z - 16 = -c. What is the tens digit of c?
1
Suppose r - f - 20 = 0, -5*r + 9 = -4*f - 89. What is the units digit of r?
8
Let j be 3*(4/6 + 0). Suppose 0*p + j*p = 4. What is the units digit of (1/(-2))/(p/(-52))?
3
Suppose -4*k + k + 12 = 0. Let i = k - 3. Let u = i + 6. What is the units digit of u?
7
Let n = -14 - 18. Suppose -5*h = -40 - 205. Let q = h + n. What is the tens digit of q?
1
Suppose 132 = 2*b - 2*w, 0 = -2*b - 0*b - 2*w + 136. Suppose -3*x + 87 = -2*j, 2*j - 20 - b = -3*x. What is the units digit of x?
9
Let o = 11 - 6. Let q = -30 + 34. Let f = o - q. What is the units digit of f?
1
Suppose -15 = -3*y + 3*v, -3*y + 